172
In base 8, what is -34351167 - 3?
-34351172
In base 4, what is 2220202 + 202?
2221010
In base 9, what is 1068 - 2333?
-1254
In base 5, what is -1202 + -23244?
-30001
In base 14, what is 27 - -1119?
1142
In base 13, what is -20 - -12a7?
1287
In base 8, what is -324101 - -11?
-324070
In base 3, what is 211212002101 - 10?
211212002021
In base 6, what is 13245 - -333?
14022
In base 2, what is 1011111111000011 + 111110?
1100000000000001
In base 15, what is 305 + c9?
3ce
In base 7, what is 3655 - -120?
4105
In base 8, what is 0 + 27000?
27000
In base 16, what is -88a5 - d?
-88b2
In base 11, what is -3 - 1096762?
-1096765
In base 9, what is 1375 - 2102?
-616
In base 14, what is 14 - -15bd9?
15c0d
In base 3, what is 101010001 - 1022?
101001202
In base 9, what is 8 - -4643?
4652
In base 11, what is 10 + 6833?
6843
In base 15, what is -3e - -68b?
64c
In base 10, what is -228270 + 5?
-228265
In base 16, what is -2d67 - 64?
-2dcb
In base 7, what is 1543 - 60?
1453
In base 7, what is 2550 + -51?
2466
In base 8, what is 2324465 + 3?
2324470
In base 13, what is -2021 + -4?
-2025
In base 2, what is 100011110110000 + 0?
100011110110000
In base 13, what is 17837 - 2?
17835
In base 4, what is 2120 - -203012?
211132
In base 11, what is 0 + 17899?
17899
In base 13, what is -5222 - 6a?
-528c
In base 9, what is 373 + -1688?
-1315
In base 8, what is 2 - 51677?
-51675
In base 3, what is 10 + -102002111?
-102002101
In base 3, what is -11 - 102221?
-110002
In base 9, what is 12763 + -5?
12757
In base 12, what is 17 - -380a3?
380ba
In base 4, what is -122322100 + -1030?
-122323130
In base 11, what is -463 + 815?
362
In base 4, what is -1023 - -303310?
302221
In base 8, what is 53 - 73642?
-73567
In base 10, what is -287 - -184?
-103
In base 4, what is 230 - -101203213?
101210103
In base 11, what is 62a8 + 65?
6362
In base 16, what is 277b - 0?
277b
In base 7, what is -15544010 + -1?
-15544011
In base 10, what is -946 + 1772?
826
In base 13, what is 5 + -236a4?
-2369c
In base 16, what is 5bf - -7?
5c6
In base 14, what is -c89 - -43?
-c46
In base 8, what is -740 - 2720?
-3660
In base 10, what is 33 + 31993?
32026
In base 2, what is 1011001 - 1000010100001?
-1000001001000
In base 5, what is -11404 + -2134?
-14043
In base 7, what is 4 + -22520534?
-22520530
In base 5, what is 320 + -112?
203
In base 9, what is -22 + 7871?
7848
In base 11, what is 4 + -4a469?
-4a465
In base 16, what is a9 - 94c?
-8a3
In base 7, what is -4 - 5645510?
-5645514
In base 7, what is -23642 - 45?
-24020
In base 10, what is 30804 + -2?
30802
In base 12, what is -87 - 242?
-309
In base 8, what is 104 + -6031?
-5725
In base 16, what is -2 - ee684?
-ee686
In base 3, what is -101001222220 + -11?
-101002000001
In base 2, what is 111101010100000101 + -1?
111101010100000100
In base 8, what is -3163 + 247?
-2714
In base 15, what is -3 + 9a9e6?
9a9e3
In base 7, what is -21 + -43003?
-43024
In base 9, what is 8 + 26783?
26802
In base 13, what is -21162 - 5?
-21167
In base 10, what is 3 + 8069?
8072
In base 12, what is 75b - 65?
6b6
In base 2, what is 111110 - -10110011101?
10111011011
In base 9, what is -11 - -2034?
2023
In base 8, what is 46 + -1632?
-1564
In base 8, what is -4243 - -332?
-3711
In base 7, what is -4451 - 1116?
-5600
In base 13, what is 36a2a - 5?
36a25
In base 2, what is 1100001100100100010 + -100?
1100001100100011110
In base 4, what is -100 - -2313312?
2313212
In base 9, what is 1 + -115604?
-115603
In base 7, what is 5236630 - -1?
5236631
In base 8, what is -1330 + 0?
-1330
In base 5, what is 13 - 2021140?
-2021122
In base 7, what is -363 - 1454?
-2150
In base 6, what is 5 - -14111151?
14111200
In base 14, what is -b4 + 155?
81
In base 5, what is 2 - 13314444?
-13314442
In base 14, what is -1a985 - 2?
-1a987
In base 3, what is -2 + 222020011?
222020002
In base 3, what is -12 + 211020201?
211020112
In base 8, what is 14 - -5047?
5063
In base 15, what is 49d05 + -2?
49d03
In base 15, what is 2 + c008?
c00a
In base 6, what is -405234 - -114?
-405120
In base 4, what is -11 - 13321302?
-13321313
In base 3, what is 2112 + -110001?
-100112
In base 5, what is 34 - -34242?
34331
In base 6, what is 20 + 545332?
545352
In base 7, what is -16506 + 6?
-16500
In base 12, what is -1 + -17504?
-17505
In base 11, what is 548a + 2?
5491
In base 8, what is 10630 + 30?
10660
In base 13, what is 1567b - -2?
15680
In base 7, what is -3003 + -2130?
-5133
In base 7, what is -2013 + -1262?
-3305
In base 15, what is -5ce617 - -5?
-5ce612
In base 8, what is -2316 + -73?
-2411
In base 12, what is -1960 - 21?
-1981
In base 9, what is 4626 + 835?
5562
In base 9, what is -66742 + -103?
-66845
In base 6, what is 11151 - 403?
10344
In base 6, what is -201 + -155541?
-200142
In base 14, what is -3ac07 - 4?
-3ac0b
In base 10, what is -619 - 30?
-649
In base 9, what is 5714 + -1?
5713
In base 3, what is 20010 + 102122102?
102212112
In base 12, what is -2 + 1a4893?
1a4891
In base 14, what is 21d8c - 13?
21d79
In base 14, what is -27b1 - -3?
-27ac
In base 10, what is 14327 + -18?
14309
In base 14, what is 50c - -21?
52d
In base 3, what is 1022 + -21010012102?
-21010011010
In base 6, what is 4543452 + 5?
4543501
In base 7, what is -26 - 10132?
-10161
In base 11, what is -1 + 4109?
4108
In base 9, what is 10684 - 13?
10671
In base 7, what is -220 + -3114?
-3334
In base 6, what is 1012 - -1012?
2024
In base 16, what is -5fd - 2a7?
-8a4
In base 2, what is -100000001001 - -1101?
-11111111100
In base 9, what is -1136536 - 4?
-1136541
In base 16, what is -d22 - 9?
-d2b
In base 15, what is 2 - -cc2?
cc4
In base 16, what is -2f + 3c7?
398
In base 12, what is -34 + 3217?
31a3
In base 7, what is -3 - -130305?
130302
In base 5, what is 11421114 + -11?
11421103
In base 2, what is -11000000 - -111100111?
100100111
In base 16, what is -38 + -d651?
-d689
In base 14, what is a6 - -243?
309
In base 2, what is 111 - 1011000101?
-1010111110
In base 10, what is 15 - -16194?
16209
In base 5, what is 422300 - -31?
422331
In base 11, what is -4 - -6498?
6494
In base 9, what is 10 + -63?
-53
In base 4, what is 11110011003 - 3?
11110011000
In base 15, what is 3 - -82bd?
82c1
In base 15, what is 47871 - 16?
4785a
In base 3, what is 121 + -100000102121?
-100000102000
In base 14, what is 8bb - -ac?
989
In base 12, what is 6 + 3570?
3576
In base 16, what is -83 + -999?
-a1c
In base 5, what is 11340442 - 3?
11340434
In base 7, what is 66443 + 0?
66443
In base 14, what is -1 - -1b7c3?
1b7c2
In base 6, what is -5 - -1025502?
1025453
In base 5, what is -10211 + -313434?
-324200
In base 13, what is -61 + -8700?
-8761
In base 2, what is 100 + 10100111101001?
10100111101101
In base 11, what is -534a + -127?
-5476
In base 12, what is 611 - 306?
307
In base 12, what is 1 + -a3b8?
-a3b7
In base 16, what is 4 + 969?
96d
In base 16, what is b6dc8 + -3?
b6dc5
In base 9, what is 6636332 - -5?
6636337
In base 10, what is 4192 + -86?
4106
In base 10, what is 12 - -47077?
47089
In base 4, what is 1 + 320120232?
320120233
In base 13, what is -20b6 + -1?
-20b7
In base 9, what is -755628 - -5?
-755623
In base 5, what is 204314 + 1?
204320
In base 13, what is -61c + -25?
-644
In base 16, what is -76c + -ff?
-86b
In base 8, what is 54377 - 7?
54370
In base 12, what is a + 305?
313
In base 12, what is -14a + 49a?
350
In base 2, what is -11000111001 + 1110?
-11000101011
In base 11, what is 2a + 4259?
4288
In base 9, what is -56 - -26420?
26353
In base 14, what is 12 + 6269?
627b
In base 3, what is 10020220222 - 12?
10020220210
In base 8, what is -11541 + -1?
-11542
In base 10, what is 10 + -5282?
-5272
In base 15, what is 5 + 30b1e?
30b24
In base 16, what is -5 + a03?
9fe
In base 14, what is 50258 + -5?
50253
In base 16, what is d7f2 - 0?
d7f2
In base 2, what is -11 + -1010010111000?
-1010010111011
In base 3, what is 12 + 1212110102?
1212110121
In base 14, what is 920 - 663?
29b
In base 9, what is -3752 + 1501?
-2251
In base 4, what is 10000112 - -31?
10000203
In base 10, what is -2197 - -18?
-2179
In base 2, what is 11000100011 - -1000010?
11001100101
In base 11, what is -1 + -648831?
-648832
In base 2, what is 1100111011001111 - -101?
1100111011010100
In base 9, what is -150 + -4777?
-5037
In base 9, what is 18 - 50836?
-50817
In base 16, what is 1b0 - -352?
502
In base